Is d prime?
False
Let y(s) = 69*s**2 - 8*s - 89. Is y(-8) composite?
False
Suppose 5*c - 2*j = c + 97074, -72788 = -3*c + 5*j. Is c composite?
True
Suppose -13*f = -16*f + 1455. Is f a prime number?
False
Suppose -82 = 4*b + 386. Is (-1)/(9/114*6/b) a prime number?
False
Let t(z) = -554*z - 15 - 6*z + 120*z. Is t(-4) composite?
True
Suppose -5*a + 22 = 7. Suppose a*u = d + u - 40, -5*d + u = -245. Let l = d + -29. Is l a composite number?
True
Suppose 0 = w + 2*j - 3*j - 6, 0 = w - 5*j - 22. Suppose -w*x + 557 = -159. Is x a prime number?
False
Let s = -697 + 1380. Let g = 1428 - s. Is g a composite number?
True
Let y(o) = 647*o - 1. Let c(u) = -u. Let f(p) = 2*c(p) + y(p). Let k be f(1). Suppose 3*d - k = -d. Is d composite?
True
Suppose -29*r + 39*r - 2510 = 0. Is r composite?
False
Let g = -462 - -296. Is g*(-4)/16*2 composite?
False
Let q = -23106 + 46825. Is q a composite number?
False
Let n(w) = -2*w - 2. Let q be n(5). Let m = -13 - q. Is (m - -2)/(2/746) composite?
False
Let k = -99411 + 176402. Is k composite?
False
Suppose -5*p + 7765 = 5*s, -5*s - 4*p + 609 = -7158. Let m = s + -296. Is m a composite number?
False
Let k be 12/(-8)*-4 - 3. Let a be k + -3*1/(-3). Let v(p) = 7*p**2 - 6*p + 3. Is v(a) composite?
True
Let z(t) = -51*t - 46. Is z(-9) prime?
False
Suppose -792 = 2*a + 510. Let h = 1214 - a. Is h a prime number?
False
Suppose -p = -5*j + 14, -4*j + p + 10 = -1. Is (532 - j) + (-2 - -5) + -3 prime?
False
Suppose 6*p - 9228 = -6*p. Suppose -5*w = q + q - 1542, -3*w = q - p. Is q prime?
False
Suppose 198796 = 10*h + 47976. Suppose -1195 = 9*t - h. Is t composite?
False
Suppose 2*g + 2*q - 38 = -0*g, 0 = -4*g + 3*q + 97. Let b = 61 - g. Is 4725/b + 4/(-26) prime?
False
Suppose -4*z = 2*k - 7*z - 17017, 5*k = -z + 42500. Is k composite?
False
Is ((-42684)/8)/(33/(-22)) composite?
False
Suppose -3*x = -2*x - 13321. Let a = x + -9488. Is a a composite number?
False
Let n(g) = -g**3 + 7*g**2 + g + 1. Let y(f) = f**2 + 5*f**3 - 2*f**2 - 4*f**3 + 4 - 6*f. Let w be y(3). Is n(w) a prime number?
True
Suppose 2*x = -5*g - 361, -x = g + 127 + 46. Let n = x - -111. Is 2/((-3)/(n/2)) a prime number?
True
Suppose 8 = 4*w - 2*c, -4*w + 4*c + 12 = 4. Suppose 4*v = w*v + 586. Is v a prime number?
True
Suppose -62*x - 81697 = -73*x. Is x a prime number?
False
Suppose -38 = -4*d + 8*d + h, -4*d + 2*h = 44. Let b(l) be the first derivative of -l**2 + 15*l - 1. Is b(d) composite?
True
Let d(g) = 2*g**2 + 7*g - 1. Let w be d(-4). Let j(m) = 114*m**2 + 3*m - 4. Let a be j(-3). Suppose 2*y - w*u - a = 0, 4 = u - 5*u. Is y a composite number?
True
Suppose 2*k - n + 672 - 12646 = 0, 5*k - 29935 = 4*n. Is k a prime number?
True
Let j(u) = 2256*u**3 + 2*u**2 - 1. Let i be j(1). Suppose 8*o + i = 2*v + 5*o, 3*v - o = 3396. Is v prime?
False
Suppose 0 = u - 10. Let x(k) = 0 + 5 + 21*k**2 - u. Is x(-4) prime?
True
Let d(a) = -1. Let t(i) = -106*i + 4. Let u(c) = -5*d(c) - t(c). Let r be 26/10 + 18/45. Is u(r) a prime number?
False
Suppose -5*b + 12502 = 3*q, 0*q + 5*b = 5*q - 20890. Let d = q + -581. Is d composite?
False
Suppose -2849 = -3*p - 2*p + 4*n, 0 = -5*p - 4*n + 2881. Suppose 0 = 11*o - 8*o - p. Is o prime?
True
Let a = 235 - -24832. Is a prime?
False
Let d(q) = -q**3 + 23*q**2 - 35*q + 8. Is d(19) a composite number?
False
Is 6*(4 + -5) - 11*-2527 a composite number?
False
Suppose -3*f = 0, w - 5*f - 13 = -0*w. Let u be 2886/4 + w/(-26). Let i = u - -538. Is i composite?
False
Suppose 2*j - 105 = 47. Is (-57)/j + 151/4 a composite number?
False
Suppose 59915 = 6*y - 24727. Is y composite?
False
Suppose -4*d - 2*o = -954, 0*d + 5*o - 489 = -2*d. Let x = d - -513. Suppose 6*f - 588 = x. Is f a prime number?
True
Let h = 6924 + -3283. Is h a composite number?
True
Let h = -563 + 70. Suppose q - 690 = 4*q. Let o = q - h. Is o a prime number?
True
Suppose 8*v = 3*v + 6265. Let r = v - -2268. Is r prime?
False
Is 685/1*3 - 536/134 composite?
True
Is 119/7 + -10 - -25882 prime?
True
Suppose 17*u - 2*u = 4425. Let b be (-2 - -5 - 2) + -1. Suppose u = 5*k - b*k. Is k composite?
False
Suppose 1644 = -174*p + 171*p. Let a be (-6275)/(-3) - 4/6. Let b = a + p. Is b a prime number?
True
Suppose -10*f - 1636 = -10026. Is f a prime number?
True
Let r be (2/(-3))/(326/108 + -3). Is -2846*(r/(-8) - 5) prime?
True
Suppose -34*o + 888658 = -0*o. Is o a prime number?
False
Suppose 3*a + 2*a = 3010. Let x = a - 303. Is x composite?
True
Suppose -26*x + 5173 = -19*x. Suppose x = u - 0*u. Is u a composite number?
False
Suppose -2*j + 9631 = -45591. Is j prime?
True
Let v be (-33)/(-7) + (-14)/(-49). Suppose -4*s + 4229 = -3*z, 279 + 807 = s + v*z. Is s composite?
False
Let r be 2/((-6)/10 - -1). Suppose -42 + 307 = r*p. Is p prime?
True
Let q(y) = 16*y**2 + 25*y + 115. Is q(14) composite?
True
Let q = 58 - 53. Suppose q*b = 3155 - 760. Is b a prime number?
True
Let m be 6/1 + (-2 - -1). Suppose w - 3495 = -5*t - w, m*t = w + 3510. Is t composite?
False
Suppose -36*b = -25*b - 1245651. Is b a composite number?
True
Suppose -f + 233 + 1003 = 0. Let p = f + -605. Is p a prime number?
True
Suppose i + 0*m + 2*m = -5, -4*i + 40 = -4*m. Is 2 - -1*11655/i composite?
False
Is ((-66)/15)/((-16)/20840) prime?
False
Suppose -5*s + 5*x = -6090, 2*s = -7*x + 2*x + 2422. Is s/6 - 1/(-3) a composite number?
True
Let i = 3 + 13. Let a = i - 2. Is 1*-2*(-623)/a a composite number?
False
Suppose 9*w - 21*w = -13692. Is w a prime number?
False
Suppose -4*k = 0, -3*g = -g + 3*k - 1102. Is g a composite number?
True
Let m(j) = -j**3 - 9*j**2 - 5*j + 3. Let d be m(-7). Let s = -70 - -199. Let v = d + s. Is v prime?
False
Suppose -2 = -6*h - 56. Let x = h + 5. Is 36 + (-1)/4*x a composite number?
False
Let f be (74/4)/(2*3/12). Is f*2*(-170)/(-20) a composite number?
True
Let n(o) = 232*o + 213. Is n(19) a composite number?
False
Let l(c) be the third derivative of c**4/24 + c**3 + 3*c**2. Let n be l(-9). Is (-6256)/(-12) - n/(-9) composite?
False
Let f(y) be the second derivative of 3*y**5/20 - 3*y**4/4 - 3*y**3/2 - 4*y**2 - 11*y. Is f(9) prime?
False
Let o be 4/16*-2*0. Suppose -5*n + o*n - 2*k = -19, 11 = n - 2*k. Suppose 0*v = n*f - v - 262, 2*f + v - 109 = 0. Is f a composite number?
False
Suppose -3*g + 8*g = 5245. Suppose -6*q + g = -7945. Is q a prime number?
True
Let l(x) be the second derivative of 27*x**5/2 - x**4/12 + 27*x. Is l(1) a prime number?
True
Suppose -5*w + 2741 = -3*t, 3*w = 2*w + t + 549. Is w prime?
True
Let z = 38658 - 21367. Is z a prime number?
True
Let d = 31384 + -21895. Is d composite?
True
Suppose -4*w + 4*i = -10 - 46, -3*i + 3 = 0. Suppose -538 = -4*n + 5*g, -5*n + 3*g - 177 = -856. Let c = n - w. Is c a prime number?
False
Suppose 29492 = 13*y - 21741. Is y a composite number?
True
Let l(q) = 75*q**2 + 8*q + 2. Is l(3) prime?
True
Suppose 4*q = k + 8634, k - 13 = -11. Is q composite?
True
Let t(g) = -g**2 - 2*g + 967. Let a = -12 - -12. Is t(a) composite?
False
Suppose 3*r + 6*f = 5*f + 13, -r - 5*f - 5 = 0. Suppose -3*n = -5*x - 21006, 0 = -n - 2*x + r*x + 7006. Is n composite?
False
Suppose -27379 + 273634 = 5*u + 4*w, 4*w = -20. Is u a composite number?
True
Let p be 8/(-20)*(-15 - 0) + -1. Suppose p*l - 430 - 215 = 0. Is l a composite number?
True
Let w(a) = 0*a + a - 3 - 2*a - 1. Let t be w(-5). Is ((-813)/6)/(t/(-2)) composite?
False
Let y = -48 + 124. Let s = 1056 + -1054. Suppose 6*i - y = s*i. Is i a prime number?
True
Let j = 28 + -34. Suppose 2*h - h = 6. Is ((-10)/j)/(h/54) a prime number?
False
Let n(z) = -36*z**3 - 3*z**2 + 9*z + 8. Let t be n(-5). Suppose 13*v = 2801 + t. Is v composite?
True
Let h be (66/(-16))/11 - 42/16. Is h/36*-6*2*419 a composite number?
False
Suppose 9042 - 42654 = -12*v. Let h = -1258 + v. Is h composite?
False
Let h(x) = -2022*x + 155. Is h(-8) a prime number?
False
Let h be (-5)/(-25)*5 + -30. Let v(z) = -53*z - 60. Is v(h) prime?
False
Let l(g) = g + 8. Let k be l(-5). Let h be -1 - 3380/((-12)/k). Suppose 2*t = 6*t - h. Is t a prime number?
True
Suppose -2*b - 2*v = 8, -4*v - 18 = -b + 6*b. Let i be (-2)/2*(b + 6). Is (-1)/i + (-2295)/(-20) composite?
True
Let h be 1 - (4 + -4 + -1). Suppose -h - 6 = 2*v, v + 269 = 5*k. Is k composite?
False
Let g be 1*(-6)/3*41/(-2). Suppose 0 = -40*o + g*o - 223. Is o prim